 8?
8
Calculate the highest common factor of 2058 and 5978.
98
What is the highest common divisor of 34 and 2?
2
Calculate the greatest common divisor of 572 and 484.
44
Calculate the highest common factor of 110 and 50.
10
What is the highest common divisor of 152 and 3401?
19
What is the highest common factor of 666 and 5698?
74
What is the highest common divisor of 15 and 243?
3
What is the highest common factor of 92 and 8?
4
What is the highest common factor of 2220 and 74?
74
Calculate the greatest common divisor of 8 and 13.
1
What is the highest common divisor of 316 and 3634?
158
Calculate the greatest common divisor of 4264 and 520.
104
Calculate the highest common divisor of 164 and 287.
41
Calculate the highest common factor of 77 and 121.
11
Calculate the greatest common factor of 3510 and 390.
390
Calculate the highest common divisor of 34 and 25704.
34
Calculate the highest common factor of 163 and 16463.
163
What is the greatest common factor of 15 and 735?
15
Calculate the highest common divisor of 26 and 559.
13
Calculate the highest common factor of 7 and 497.
7
Calculate the highest common factor of 812 and 609.
203
What is the highest common divisor of 176 and 2416?
16
What is the highest common divisor of 280 and 35?
35
What is the greatest common divisor of 1 and 31?
1
What is the greatest common factor of 333 and 777?
111
Calculate the highest common divisor of 256 and 1568.
32
Calculate the highest common factor of 2937 and 33.
33
What is the greatest common factor of 58 and 87?
29
Calculate the highest common divisor of 170 and 570.
10
What is the greatest common divisor of 5290 and 920?
230
Calculate the greatest common factor of 3999 and 258.
129
What is the greatest common factor of 140 and 84?
28
What is the greatest common factor of 135 and 47655?
135
Calculate the highest common divisor of 23 and 1794.
23
What is the greatest common divisor of 43 and 817?
43
Calculate the highest common factor of 372 and 12.
12
Calculate the highest common factor of 50 and 1350.
50
What is the greatest common divisor of 19 and 19?
19
What is the highest common factor of 680 and 7990?
170
What is the highest common factor of 119 and 14?
7
What is the highest common divisor of 168 and 1743?
21
What is the greatest common divisor of 378 and 112?
14
What is the greatest common factor of 18 and 8?
2
Calculate the greatest common factor of 1566 and 54.
54
What is the highest common divisor of 2 and 14?
2
Calculate the greatest common divisor of 84 and 2100.
84
Calculate the greatest common divisor of 40 and 360.
40
What is the greatest common factor of 143 and 52?
13
What is the highest common divisor of 135 and 1965?
15
What is the highest common factor of 118560 and 195?
195
Calculate the greatest common factor of 327 and 24743.
109
Calculate the highest common factor of 41 and 533.
41
Calculate the highest common divisor of 12 and 1068.
12
What is the greatest common divisor of 1462 and 602?
86
What is the highest common divisor of 16 and 944?
16
Calculate the highest common divisor of 729 and 162.
81
Calculate the highest common divisor of 3996 and 108.
108
Calculate the greatest common divisor of 792 and 5040.
72
Calculate the greatest common factor of 702 and 39.
39
What is the highest common factor of 385 and 265?
5
What is the highest common factor of 126 and 266?
14
Calculate the highest common divisor of 880 and 1980.
220
Calculate the highest common factor of 12 and 3.
3
What is the greatest common factor of 12 and 5472?
12
Calculate the greatest common factor of 2033 and 5671.
107
Calculate the highest common factor of 8 and 392.
8
Calculate the highest common factor of 5120 and 15.
5
What is the highest common divisor of 108 and 324?
108
Calculate the greatest common divisor of 110 and 7535.
55
Calculate the highest common factor of 676 and 12.
4
Calculate the highest common factor of 1518 and 483.
69
What is the greatest common divisor of 31 and 31?
31
Calculate the highest common factor of 76 and 361.
19
Calculate the highest common divisor of 111 and 24.
3
What is the highest common factor of 38151 and 243?
243
Calculate the greatest common factor of 57 and 9.
3
What is the highest common factor of 52 and 117?
13
Calculate the greatest common factor of 207 and 747.
9
Calculate the highest common divisor of 9 and 33.
3
Calculate the highest common factor of 10 and 6.
2
Calculate the greatest common factor of 19 and 1444.
19
Calculate the greatest common factor of 25 and 20.
5
Calculate the highest common factor of 33 and 6303.
33
What is the greatest common divisor of 5 and 2865?
5
What is the highest common factor of 50232 and 56?
56
Calculate the greatest common factor of 456 and 608.
152
What is the highest common factor of 1219 and 23?
23
What is the greatest common divisor of 1016 and 8?
8
What is the greatest common factor of 11 and 7348?
11
Calculate the highest common divisor of 1850 and 148.
74
What is the greatest common divisor of 120 and 135?
15
Calculate the greatest common factor of 693 and 42.
21
What is the greatest common factor of 45 and 165?
15
Calculate the highest common divisor of 4319 and 7.
7
Calculate the highest common factor of 3 and 29.
1
Calculate the highest common divisor of 48 and 400.
16
Calculate the greatest common divisor of 205 and 235.
5
What is the highest common factor of 192 and 104?
8
What is the greatest common divisor of 30 and 735?
15
Calculate the greatest common factor of 6324 and 12.
12
Calculate the greatest common divisor of 935 and 4301.
187
What is the highest common divisor of 616 and 33?
11
Calculate the greatest common divisor of 217 and 7.
7
Calculate the highest common divisor of 1428 and 324.
12
What is the greatest common divisor of 11 and 11?
11
Calculate the highest common divisor of 48 and 96.
48
What is the highest common factor of 1633 and 23?
23
Calculate the highest common factor of 68 and 2618.
34
Calculate the greatest common divisor of 49 and 189.
7
Calculate the highest common divisor of 1918 and 7398.
274
Calculate the greatest common divisor of 536 and 28.
4
What is the greatest common factor of 7 and 553?
7
Calculate the highest common factor of 60 and 16980.
60
Calculate the greatest common factor of 175 and 1.
1
Calculate the highest common factor of 18 and 234.
18
What is the highest common factor of 25 and 1225?
25
What is the highest common divisor of 268 and 20?
4
What is the highest common factor of 9 and 81?
9
Calculate the highest common divisor of 78 and 12.
6
What is the highest common divisor of 44 and 4?
4
Calculate the highest common divisor of 3645 and 5.
5
What is the greatest common factor of 23 and 736?
23
Calculate the greatest common divisor of 14 and 4.
2
Calculate the greatest common divisor of 272 and 102.
34
What is the highest common factor of 481 and 39?
13
Calculate the greatest common divisor of 2 and 166.
2
Calculate the greatest common factor of 9900 and 15.
15
What is the highest common divisor of 970 and 40?
10
What is the highest common divisor of 6 and 214?
2
Calculate the greatest common divisor of 50 and 1475.
25
What is the highest common divisor of 5817 and 189?
21
Calculate the highest common factor of 414 and 92.
46
Calculate the highest common divisor of 84 and 2940.
84
What is the highest common divisor of 30 and 165?
15
What is the greatest common divisor of 192 and 2592?
96
Calculate the greatest common factor of 6256 and 2.
2
What is the highest common divisor of 31 and 3937?
31
Calculate the greatest common factor of 29748 and 1332.
444
What is the greatest common divisor of 10 and 1655?
5
What is the greatest common factor of 20958 and 42?
42
What is the greatest common divisor of 1107 and 2829?
123
What is the highest common factor of 1152 and 81?
9
What is the greatest common factor of 108 and 1728?
108
What is the greatest common factor of 94740 and 12?
12
What is the greatest common factor of 21 and 177?
3
Calculate the highest common divisor of 22927 and 227.
227
What is the highest common factor of 2001 and 435?
87
Calculate the highest common factor of 18 and 2034.
18
What is the highest common divisor of 144 and 16?
16
Calculate the greatest common factor of 45 and 515.
5
What is the great